{"id":24,"date":"2023-12-30T12:50:27","date_gmt":"2023-12-30T12:50:27","guid":{"rendered":"https:\/\/www.ingbee.net\/?page_id=24"},"modified":"2024-01-14T19:44:13","modified_gmt":"2024-01-14T18:44:13","slug":"referenzen","status":"publish","type":"page","link":"https:\/\/www.ingbee.net\/?page_id=24","title":{"rendered":"Referenzen"},"content":{"rendered":"\n<h3 class=\"wp-block-heading\">Energieberatungsprojekte<\/h3>\n\n\n\n<p>2023\/2024 Wohnungseigent\u00fcmergemeinschaft mit 11 Wohneinheiten<\/p>\n\n\n\n<ul class=\"wp-block-list\">\n<li>Umr\u00fcstung Nahw\u00e4rmenetz auf alternative Erzeugung: Luft-Wasser-W\u00e4rmepumpe<\/li>\n\n\n\n<li>Erg\u00e4nzung durch PV-Anlage inklusive Batteriespeicher und Lades\u00e4ulen<\/li>\n<\/ul>\n\n\n\n<p>2013\/2014 Wohnungseigent\u00fcmergemeinschaft mit 11 Wohneinheiten:<\/p>\n\n\n\n<ul class=\"wp-block-list\">\n<li>Heizlastberechnung<\/li>\n\n\n\n<li>Energiekonzept (Nahw\u00e4rmenetz mit BHKW und Spitzenlastkessel)<\/li>\n<\/ul>\n\n\n\n<h3 class=\"wp-block-heading\">ausgew\u00e4hlte Projekte an denen ich bei meinen vorherigen Arbeitgebern mitgewirkt habe<\/h3>\n\n\n\n<p>2021 Simulationsuntersuchungen f\u00fcr das Energiekonzept eines Stra\u00dfenbahndepots &#8211; <a href=\"https:\/\/www.tga-fachplaner.de\/gebaeudekonzepte\/simulation-digitaler-zwilling-komplexe-tga-anlagen-effizienter-betreiben\" target=\"_blank\" rel=\"noreferrer noopener\">Artikel im TGA Fachplaner<\/a><\/p>\n\n\n\n<p>2018\/2019 Teilprojektleitung TGA und Fachplanung f\u00fcr die Gewerke Heizung und K\u00e4lte f\u00fcr den <a href=\"https:\/\/terminal3.frankfurt-airport.com\/flugsteig-g\/\" target=\"_blank\" rel=\"noreferrer noopener\">Flugsteig G des Terminal 3 am Frankfurter Flughafen<\/a><\/p>\n\n\n\n<p>2017 Geb\u00e4udesimulation f\u00fcr ein <a href=\"https:\/\/www.neubau-klinikum-frankfurt.de\/neubau-klinikum-frankfurt-hoechst-aktuell\/\" target=\"_blank\" rel=\"noreferrer noopener\">Krankenhaus in Passivhausbauweise<\/a> &#8222;Klinikum Frankfurt H\u00f6chst&#8220;<\/p>\n\n\n\n<h3 class=\"wp-block-heading\">Fachbeitr\u00e4ge<\/h3>\n\n\n\n<p>&#8222;<a href=\"https:\/\/publica.fraunhofer.de\/bitstreams\/9236b5bb-135c-450f-84dc-2e4290b141cf\/download\">BIM-Integration f\u00fcr die Geb\u00e4ude- und Anlagensimulation<\/a>&#8220; &#8211; Vortrag beim buildingSMART-Anwendertag 2021<\/p>\n\n\n\n<h3 class=\"wp-block-heading\">Wissenschaftliche Ver\u00f6ffentlichungen<\/h3>\n\n\n\n<p><a href=\"https:\/\/orcid.org\/0000-0003-4396-5307\" target=\"_blank\" rel=\"noreferrer noopener\">https:\/\/orcid.org\/0000-0003-4396-5307<\/a><\/p>\n","protected":false},"excerpt":{"rendered":"<p>Energieberatungsprojekte 2023\/2024 Wohnungseigent\u00fcmergemeinschaft mit 11 Wohneinheiten 2013\/2014 Wohnungseigent\u00fcmergemeinschaft mit 11 Wohneinheiten: ausgew\u00e4hlte Projekte an denen ich bei meinen vorherigen Arbeitgebern mitgewirkt habe 2021 Simulationsuntersuchungen f\u00fcr das Energiekonzept eines Stra\u00dfenbahndepots &#8211; Artikel im TGA Fachplaner 2018\/2019 Teilprojektleitung TGA und Fachplanung f\u00fcr die Gewerke Heizung und K\u00e4lte f\u00fcr den Flugsteig G des Terminal 3 am Frankfurter Flughafen [&hellip;]<\/p>\n","protected":false},"author":1,"featured_media":0,"parent":0,"menu_order":0,"comment_status":"closed","ping_status":"closed","template":"","meta":{"footnotes":""},"class_list":["post-24","page","type-page","status-publish","hentry"],"yoast_head":"<!-- This site is optimized with the Yoast SEO plugin v27.5 - https:\/\/yoast.com\/product\/yoast-seo-wordpress\/ -->\n<title>Referenzen - Ingenieurb\u00fcro Elisabeth Eckst\u00e4dt<\/title>\n<meta name=\"robots\" content=\"index, follow, max-snippet:-1, max-image-preview:large, max-video-preview:-1\" \/>\n<link rel=\"canonical\" href=\"https:\/\/www.ingbee.net\/?page_id=24\" \/>\n<meta property=\"og:locale\" content=\"de_DE\" \/>\n<meta property=\"og:type\" content=\"article\" \/>\n<meta property=\"og:title\" content=\"Referenzen - Ingenieurb\u00fcro Elisabeth Eckst\u00e4dt\" \/>\n<meta property=\"og:description\" content=\"Energieberatungsprojekte 2023\/2024 Wohnungseigent\u00fcmergemeinschaft mit 11 Wohneinheiten 2013\/2014 Wohnungseigent\u00fcmergemeinschaft mit 11 Wohneinheiten: ausgew\u00e4hlte Projekte an denen ich bei meinen vorherigen Arbeitgebern mitgewirkt habe 2021 Simulationsuntersuchungen f\u00fcr das Energiekonzept eines Stra\u00dfenbahndepots &#8211; Artikel im TGA Fachplaner 2018\/2019 Teilprojektleitung TGA und Fachplanung f\u00fcr die Gewerke Heizung und K\u00e4lte f\u00fcr den Flugsteig G des Terminal 3 am Frankfurter Flughafen [&hellip;]\" \/>\n<meta property=\"og:url\" content=\"https:\/\/www.ingbee.net\/?page_id=24\" \/>\n<meta property=\"og:site_name\" content=\"Ingenieurb\u00fcro Elisabeth Eckst\u00e4dt\" \/>\n<meta property=\"article:modified_time\" content=\"2024-01-14T18:44:13+00:00\" \/>\n<meta name=\"twitter:card\" content=\"summary_large_image\" \/>\n<meta name=\"twitter:label1\" content=\"Gesch\u00e4tzte Lesezeit\" \/>\n\t<meta name=\"twitter:data1\" content=\"1\u00a0Minute\" \/>\n<script type=\"application\/ld+json\" class=\"yoast-schema-graph\">{\"@context\":\"https:\\\/\\\/schema.org\",\"@graph\":[{\"@type\":\"WebPage\",\"@id\":\"https:\\\/\\\/www.ingbee.net\\\/?page_id=24\",\"url\":\"https:\\\/\\\/www.ingbee.net\\\/?page_id=24\",\"name\":\"Referenzen - Ingenieurb\u00fcro Elisabeth Eckst\u00e4dt\",\"isPartOf\":{\"@id\":\"https:\\\/\\\/www.ingbee.net\\\/#website\"},\"datePublished\":\"2023-12-30T12:50:27+00:00\",\"dateModified\":\"2024-01-14T18:44:13+00:00\",\"breadcrumb\":{\"@id\":\"https:\\\/\\\/www.ingbee.net\\\/?page_id=24#breadcrumb\"},\"inLanguage\":\"de\",\"potentialAction\":[{\"@type\":\"ReadAction\",\"target\":[\"https:\\\/\\\/www.ingbee.net\\\/?page_id=24\"]}]},{\"@type\":\"BreadcrumbList\",\"@id\":\"https:\\\/\\\/www.ingbee.net\\\/?page_id=24#breadcrumb\",\"itemListElement\":[{\"@type\":\"ListItem\",\"position\":1,\"name\":\"Startseite\",\"item\":\"https:\\\/\\\/www.ingbee.net\\\/\"},{\"@type\":\"ListItem\",\"position\":2,\"name\":\"Referenzen\"}]},{\"@type\":\"WebSite\",\"@id\":\"https:\\\/\\\/www.ingbee.net\\\/#website\",\"url\":\"https:\\\/\\\/www.ingbee.net\\\/\",\"name\":\"Ingenieurb\u00fcro Elisabeth Eckst\u00e4dt\",\"description\":\"Energieberatung Fachplanung\",\"publisher\":{\"@id\":\"https:\\\/\\\/www.ingbee.net\\\/#organization\"},\"potentialAction\":[{\"@type\":\"SearchAction\",\"target\":{\"@type\":\"EntryPoint\",\"urlTemplate\":\"https:\\\/\\\/www.ingbee.net\\\/?s={search_term_string}\"},\"query-input\":{\"@type\":\"PropertyValueSpecification\",\"valueRequired\":true,\"valueName\":\"search_term_string\"}}],\"inLanguage\":\"de\"},{\"@type\":\"Organization\",\"@id\":\"https:\\\/\\\/www.ingbee.net\\\/#organization\",\"name\":\"Ingenieurb\u00fcro Elisabeth Eckst\u00e4dt\",\"url\":\"https:\\\/\\\/www.ingbee.net\\\/\",\"logo\":{\"@type\":\"ImageObject\",\"inLanguage\":\"de\",\"@id\":\"https:\\\/\\\/www.ingbee.net\\\/#\\\/schema\\\/logo\\\/image\\\/\",\"url\":\"\",\"contentUrl\":\"\",\"caption\":\"Ingenieurb\u00fcro Elisabeth Eckst\u00e4dt\"},\"image\":{\"@id\":\"https:\\\/\\\/www.ingbee.net\\\/#\\\/schema\\\/logo\\\/image\\\/\"}}]}<\/script>\n<!-- \/ Yoast SEO plugin. -->","yoast_head_json":{"title":"Referenzen - Ingenieurb\u00fcro Elisabeth Eckst\u00e4dt","robots":{"index":"index","follow":"follow","max-snippet":"max-snippet:-1","max-image-preview":"max-image-preview:large","max-video-preview":"max-video-preview:-1"},"canonical":"https:\/\/www.ingbee.net\/?page_id=24","og_locale":"de_DE","og_type":"article","og_title":"Referenzen - Ingenieurb\u00fcro Elisabeth Eckst\u00e4dt","og_description":"Energieberatungsprojekte 2023\/2024 Wohnungseigent\u00fcmergemeinschaft mit 11 Wohneinheiten 2013\/2014 Wohnungseigent\u00fcmergemeinschaft mit 11 Wohneinheiten: ausgew\u00e4hlte Projekte an denen ich bei meinen vorherigen Arbeitgebern mitgewirkt habe 2021 Simulationsuntersuchungen f\u00fcr das Energiekonzept eines Stra\u00dfenbahndepots &#8211; Artikel im TGA Fachplaner 2018\/2019 Teilprojektleitung TGA und Fachplanung f\u00fcr die Gewerke Heizung und K\u00e4lte f\u00fcr den Flugsteig G des Terminal 3 am Frankfurter Flughafen [&hellip;]","og_url":"https:\/\/www.ingbee.net\/?page_id=24","og_site_name":"Ingenieurb\u00fcro Elisabeth Eckst\u00e4dt","article_modified_time":"2024-01-14T18:44:13+00:00","twitter_card":"summary_large_image","twitter_misc":{"Gesch\u00e4tzte Lesezeit":"1\u00a0Minute"},"schema":{"@context":"https:\/\/schema.org","@graph":[{"@type":"WebPage","@id":"https:\/\/www.ingbee.net\/?page_id=24","url":"https:\/\/www.ingbee.net\/?page_id=24","name":"Referenzen - Ingenieurb\u00fcro Elisabeth Eckst\u00e4dt","isPartOf":{"@id":"https:\/\/www.ingbee.net\/#website"},"datePublished":"2023-12-30T12:50:27+00:00","dateModified":"2024-01-14T18:44:13+00:00","breadcrumb":{"@id":"https:\/\/www.ingbee.net\/?page_id=24#breadcrumb"},"inLanguage":"de","potentialAction":[{"@type":"ReadAction","target":["https:\/\/www.ingbee.net\/?page_id=24"]}]},{"@type":"BreadcrumbList","@id":"https:\/\/www.ingbee.net\/?page_id=24#breadcrumb","itemListElement":[{"@type":"ListItem","position":1,"name":"Startseite","item":"https:\/\/www.ingbee.net\/"},{"@type":"ListItem","position":2,"name":"Referenzen"}]},{"@type":"WebSite","@id":"https:\/\/www.ingbee.net\/#website","url":"https:\/\/www.ingbee.net\/","name":"Ingenieurb\u00fcro Elisabeth Eckst\u00e4dt","description":"Energieberatung Fachplanung","publisher":{"@id":"https:\/\/www.ingbee.net\/#organization"},"potentialAction":[{"@type":"SearchAction","target":{"@type":"EntryPoint","urlTemplate":"https:\/\/www.ingbee.net\/?s={search_term_string}"},"query-input":{"@type":"PropertyValueSpecification","valueRequired":true,"valueName":"search_term_string"}}],"inLanguage":"de"},{"@type":"Organization","@id":"https:\/\/www.ingbee.net\/#organization","name":"Ingenieurb\u00fcro Elisabeth Eckst\u00e4dt","url":"https:\/\/www.ingbee.net\/","logo":{"@type":"ImageObject","inLanguage":"de","@id":"https:\/\/www.ingbee.net\/#\/schema\/logo\/image\/","url":"","contentUrl":"","caption":"Ingenieurb\u00fcro Elisabeth Eckst\u00e4dt"},"image":{"@id":"https:\/\/www.ingbee.net\/#\/schema\/logo\/image\/"}}]}},"_links":{"self":[{"href":"https:\/\/www.ingbee.net\/index.php?rest_route=\/wp\/v2\/pages\/24","targetHints":{"allow":["GET"]}}],"collection":[{"href":"https:\/\/www.ingbee.net\/index.php?rest_route=\/wp\/v2\/pages"}],"about":[{"href":"https:\/\/www.ingbee.net\/index.php?rest_route=\/wp\/v2\/types\/page"}],"author":[{"embeddable":true,"href":"https:\/\/www.ingbee.net\/index.php?rest_route=\/wp\/v2\/users\/1"}],"replies":[{"embeddable":true,"href":"https:\/\/www.ingbee.net\/index.php?rest_route=%2Fwp%2Fv2%2Fcomments&post=24"}],"version-history":[{"count":5,"href":"https:\/\/www.ingbee.net\/index.php?rest_route=\/wp\/v2\/pages\/24\/revisions"}],"predecessor-version":[{"id":145,"href":"https:\/\/www.ingbee.net\/index.php?rest_route=\/wp\/v2\/pages\/24\/revisions\/145"}],"wp:attachment":[{"href":"https:\/\/www.ingbee.net\/index.php?rest_route=%2Fwp%2Fv2%2Fmedia&parent=24"}],"curies":[{"name":"wp","href":"https:\/\/api.w.org\/{rel}","templated":true}]}}