{"id":11,"date":"2023-12-30T12:06:41","date_gmt":"2023-12-30T12:06:41","guid":{"rendered":"https:\/\/www.ingbee.net\/?page_id=11"},"modified":"2025-02-04T13:28:10","modified_gmt":"2025-02-04T12:28:10","slug":"ueber-mich","status":"publish","type":"page","link":"https:\/\/www.ingbee.net\/?page_id=11","title":{"rendered":"\u00dcber mich"},"content":{"rendered":"\n<div class=\"wp-block-group is-vertical is-layout-flex wp-container-core-group-is-layout-fe9cc265 wp-block-group-is-layout-flex\">\n<div class=\"wp-block-group has-global-padding is-layout-constrained wp-block-group-is-layout-constrained\">\n<h3 class=\"wp-block-heading\">Lebenslauf<\/h3>\n\n\n\n<p>Mein Name ist Elisabeth Eckst\u00e4dt. Im Jahr 2009 machte ich mein Diplom an der TU Chemnitz im Fach Maschinenbau. Seitdem habe ich verschiedene Stationen in der Ingenieurpraxis und Wissenschaft absolviert und dabei vielf\u00e4ltige Erfahrungen gesammelt, die ich ihnen nun als beratende Ingenieurin anbiete.<\/p>\n\n\n\n<div class=\"wp-block-group is-nowrap is-layout-flex wp-container-core-group-is-layout-6c531013 wp-block-group-is-layout-flex\">\n<figure class=\"wp-block-image size-full is-resized\"><img loading=\"lazy\" decoding=\"async\" width=\"1000\" height=\"667\" src=\"https:\/\/www.ingbee.net\/wp-content\/uploads\/2024\/01\/2664.jpg\" alt=\"\" class=\"wp-image-104\" style=\"width:200px\" srcset=\"https:\/\/www.ingbee.net\/wp-content\/uploads\/2024\/01\/2664.jpg 1000w, https:\/\/www.ingbee.net\/wp-content\/uploads\/2024\/01\/2664-300x200.jpg 300w, https:\/\/www.ingbee.net\/wp-content\/uploads\/2024\/01\/2664-768x512.jpg 768w\" sizes=\"auto, (max-width: 1000px) 100vw, 1000px\" \/><\/figure>\n\n\n\n<div class=\"wp-block-group has-global-padding is-layout-constrained wp-block-group-is-layout-constrained\">\n<p>Von 2009 bis 2014 war ich als wissenschaftliche Mitarbeiterin am <a href=\"https:\/\/tu-dresden.de\/ing\/maschinenwesen\/iet\/gewv\" target=\"_blank\" rel=\"noreferrer noopener\">Lehrstuhl f\u00fcr Geb\u00e4udeenergietechnik und W\u00e4rmeversorgung der TU Dresden<\/a> besch\u00e4ftigt. Meine thematischen Schwerpunkte dort waren: Fernw\u00e4rme und Fernk\u00e4lte.&nbsp; Mathematische Optimierung und Simulationsverfahren waren die daf\u00fcr verwendeten Werkzeuge.<\/p>\n\n\n\n<p>Von 2015 bis 2019 war ich Projektingenieurin im <a href=\"https:\/\/innius.de\/\">Planungsb\u00fcro Innius GTD<\/a>. Zu meinen Aufgaben geh\u00f6rten Planungen f\u00fcr die Gewerke Heizung und K\u00e4lte in den Leistungsphasen 1 bis 7 (Grundlagenermittlung bis Vergabe). Ein weiterer Schwerpunkt meiner Arbeit war die Geb\u00e4udesimulation, um Lastermittlungen genauer ausf\u00fchren zu k\u00f6nnen und Anlagen damit besser auslegen zu k\u00f6nnen. Meine Projekte besch\u00e4ftigten sich in der Regel mit gro\u00dfen Nichtwohngeb\u00e4uden, z.B. B\u00fcrogeb\u00e4uden, Fertigungs- und Messehallen, Flughafengeb\u00e4uden. Eine BIM(Building Information Modeling)-basierte Arbeitsweise war hier bereits die Regel.<\/p>\n\n\n\n<p>Seit Ende 2019 bin ich als wissenschaftliche Mitarbeiterin am <a href=\"https:\/\/www.eas.iis.fraunhofer.de\/\" target=\"_blank\" rel=\"noreferrer noopener\">Fraunhofer Institut f\u00fcr Integrierte Schaltungen (Institutsteil f\u00fcr Entwicklung Adaptiver Systeme in Dresden)<\/a> besch\u00e4ftigt. Mein thematischer Schwerpunkt ist die BIM-basierte Geb\u00e4ude- und Anlagensimulation, z.B. zur Ableitung von Anlagen- und Regelungskonzepten f\u00fcr kosteng\u00fcnstige und\/oder CO2-arme W\u00e4rme- und K\u00e4lteversorgung.<\/p>\n<\/div>\n<\/div>\n<\/div>\n<\/div>\n\n\n\n<div class=\"wp-block-group has-global-padding is-layout-constrained wp-block-group-is-layout-constrained\">\n<h3 class=\"wp-block-heading\">Qualifikation<\/h3>\n\n\n\n<div class=\"wp-block-group has-global-padding is-layout-constrained wp-block-group-is-layout-constrained\">\n<h4 class=\"wp-block-heading\">Geb\u00e4udeenergieberaterin (HWK)<\/h4>\n\n\n\n<div class=\"wp-block-group is-nowrap is-layout-flex wp-container-core-group-is-layout-6c531013 wp-block-group-is-layout-flex\">\n<figure class=\"wp-block-image size-full is-resized\"><img loading=\"lazy\" decoding=\"async\" width=\"965\" height=\"234\" src=\"https:\/\/www.ingbee.net\/wp-content\/uploads\/2024\/04\/EE_EnergieeffizienzExperten_Logo_W.jpg\" alt=\"\" class=\"wp-image-197\" style=\"width:200px\" srcset=\"https:\/\/www.ingbee.net\/wp-content\/uploads\/2024\/04\/EE_EnergieeffizienzExperten_Logo_W.jpg 965w, https:\/\/www.ingbee.net\/wp-content\/uploads\/2024\/04\/EE_EnergieeffizienzExperten_Logo_W-300x73.jpg 300w, https:\/\/www.ingbee.net\/wp-content\/uploads\/2024\/04\/EE_EnergieeffizienzExperten_Logo_W-768x186.jpg 768w\" sizes=\"auto, (max-width: 965px) 100vw, 965px\" \/><\/figure>\n\n\n\n<div class=\"wp-block-group has-global-padding is-layout-constrained wp-block-group-is-layout-constrained\">\n<p>Als ausgebildete Geb\u00e4udeenergieberaterin (HWK) bin ich in die Energieeffizienz-Experten-Liste der <a href=\"https:\/\/www.energie-effizienz-experten.de\/\" target=\"_blank\" rel=\"noreferrer noopener\">dena<\/a> und der <a href=\"https:\/\/www.energieportal-sachsen.de\/?permalink=89QU5d9\">SAENA<\/a> eingetragen. Dies berechtigt mich zur gef\u00f6rderten Energieberatung f\u00fcr Wohn- und Nichtwohngeb\u00e4ude. Informieren sie sich gern hier \u00fcber mein <a href=\"https:\/\/www.ingbee.net\/?page_id=48\">Leistungsportfolio in der Energieberatung<\/a>.<\/p>\n\n\n\n<p>Erfahren sie mehr zu dieser Qualifikation bei der <a href=\"https:\/\/www.energie-effizienz-experten.de\/fuer-experten\" target=\"_blank\" rel=\"noreferrer noopener\">dena<\/a> (Deutsche Energie Agentur).<\/p>\n<\/div>\n<\/div>\n<\/div>\n\n\n\n<div class=\"wp-block-group has-global-padding is-layout-constrained wp-block-group-is-layout-constrained\">\n<h4 class=\"wp-block-heading\">Fachingenieurin kommunale W\u00e4rmeplanung (KWP)<\/h4>\n\n\n\n<div class=\"wp-block-group is-nowrap is-layout-flex wp-container-core-group-is-layout-6c531013 wp-block-group-is-layout-flex\">\n<figure class=\"wp-block-image size-full is-resized\"><img loading=\"lazy\" decoding=\"async\" width=\"725\" height=\"195\" src=\"https:\/\/www.ingbee.net\/wp-content\/uploads\/2025\/02\/Zertifikat-IngK.jpg\" alt=\"\" class=\"wp-image-211\" style=\"width:200px;height:auto\" srcset=\"https:\/\/www.ingbee.net\/wp-content\/uploads\/2025\/02\/Zertifikat-IngK.jpg 725w, https:\/\/www.ingbee.net\/wp-content\/uploads\/2025\/02\/Zertifikat-IngK-300x81.jpg 300w\" sizes=\"auto, (max-width: 725px) 100vw, 725px\" \/><\/figure>\n\n\n\n<div class=\"wp-block-group has-global-padding is-layout-constrained wp-block-group-is-layout-constrained\">\n<p>Nach einer Fortbildung im Umfang von 40 UE und einer bestandenen Pr\u00fcfung f\u00fcr alle beteilgten Fachgebiete darf ich mich offiziell als Fachingenieurin kommunale W\u00e4rmeplanung bezeichnen. Informiere sie sich hier \u00fcber mein Angebot im Bereich der <a href=\"https:\/\/www.ingbee.net\/?page_id=213\">kommunalen W\u00e4rmeplanung<\/a>.<\/p>\n\n\n\n<p>Erfahren sie mehr zu dieser Qualifikation bei der <a href=\"https:\/\/ing-sn.de\/kalender\/qualifikationslehrgang-kommunale-waermeplanung-fokus-sachsen-23-08-2024\/\">Ingenieurkammer Sachsen<\/a> bzw. der <a href=\"https:\/\/www.saena.de\/kommunale-waermeplanung-10615.html\">SAENA<\/a> (S\u00e4chsichen Energieagentur).<\/p>\n<\/div>\n<\/div>\n<\/div>\n\n\n\n<div class=\"wp-block-group has-global-padding is-layout-constrained wp-block-group-is-layout-constrained\">\n<h4 class=\"wp-block-heading\">DGNB registered professional<\/h4>\n\n\n\n<div class=\"wp-block-group is-nowrap is-layout-flex wp-container-core-group-is-layout-6c531013 wp-block-group-is-layout-flex\">\n<figure class=\"wp-block-image size-large is-resized\"><img loading=\"lazy\" decoding=\"async\" width=\"1024\" height=\"282\" src=\"https:\/\/www.ingbee.net\/wp-content\/uploads\/2024\/04\/Zulassungsurkunde-DGNB-Registered-Professional-1024x282.jpg\" alt=\"\" class=\"wp-image-200\" style=\"width:200px\" srcset=\"https:\/\/www.ingbee.net\/wp-content\/uploads\/2024\/04\/Zulassungsurkunde-DGNB-Registered-Professional-1024x282.jpg 1024w, https:\/\/www.ingbee.net\/wp-content\/uploads\/2024\/04\/Zulassungsurkunde-DGNB-Registered-Professional-300x82.jpg 300w, https:\/\/www.ingbee.net\/wp-content\/uploads\/2024\/04\/Zulassungsurkunde-DGNB-Registered-Professional-768x211.jpg 768w, https:\/\/www.ingbee.net\/wp-content\/uploads\/2024\/04\/Zulassungsurkunde-DGNB-Registered-Professional.jpg 1324w\" sizes=\"auto, (max-width: 1024px) 100vw, 1024px\" \/><\/figure>\n\n\n\n<div class=\"wp-block-group has-global-padding is-layout-constrained wp-block-group-is-layout-constrained\">\n<p>Nachhaltiges Bauen geht \u00fcber energieeffiziente Geb\u00e4ude hinaus: Weitere Umweltaspekte wie Fl\u00e4chen- und Ressourcenverbrauch sind ebenso zu ber\u00fccksichtigen wie soziale Aspekte und nat\u00fcrlich auch die Wirtschaftlichkeit. Dabei sollte m\u00f6glichst der gesamte Lebenszyklus von Errichtung \u00fcber Nutzung und R\u00fcckbau eines Geb\u00e4udes betrachtet werden. Diese Aspekte sind selbstverst\u00e4ndlicher Bestandteil meiner Beratung und werden in dem Ma\u00df ber\u00fccksichtigt, wie sie das als Kunde w\u00fcnschen.<\/p>\n\n\n\n<p>Erfahren sie mehr zu dieser Qualifikation bei der <a href=\"https:\/\/www.dgnb.de\/de\/akademie\/fortbildungen-zum-dgnb-zertifizierungsexperten\/dgnb-registered-professional\" target=\"_blank\" rel=\"noreferrer noopener\">DGNB<\/a> (Deutschen Gesellschaft f\u00fcr nachhaltiges Bauen)<\/p>\n<\/div>\n<\/div>\n<\/div>\n\n\n\n<div class=\"wp-block-group has-global-padding is-layout-constrained wp-block-group-is-layout-constrained\">\n<h4 class=\"wp-block-heading\">buildingSmart Professional Certification Foundation Basic<\/h4>\n\n\n\n<div class=\"wp-block-group is-nowrap is-layout-flex wp-container-core-group-is-layout-6c531013 wp-block-group-is-layout-flex\">\n<figure class=\"wp-block-image size-full is-resized\"><img loading=\"lazy\" decoding=\"async\" width=\"737\" height=\"331\" src=\"https:\/\/www.ingbee.net\/wp-content\/uploads\/2024\/04\/Screenshot-bS-Certification.jpg\" alt=\"\" class=\"wp-image-201\" style=\"width:200px\" srcset=\"https:\/\/www.ingbee.net\/wp-content\/uploads\/2024\/04\/Screenshot-bS-Certification.jpg 737w, https:\/\/www.ingbee.net\/wp-content\/uploads\/2024\/04\/Screenshot-bS-Certification-300x135.jpg 300w\" sizes=\"auto, (max-width: 737px) 100vw, 737px\" \/><\/figure>\n\n\n\n<div class=\"wp-block-group has-global-padding is-layout-constrained wp-block-group-is-layout-constrained\">\n<p>Seit fast 10 Jahren ist die <strong><mark style=\"background-color:rgba(0, 0, 0, 0)\" class=\"has-inline-color has-custom-color-1-color\">BIM<\/mark><\/strong>-basierte Arbeitsweise f\u00fcr mich st\u00e4ndiger Begleiter. Building Information Management (BIM) steht f\u00fcr die effiziente Verwaltung der Informationen \u00fcber ihr Geb\u00e4ude in allen Lebenszyklusphasen, nicht nur in der Planung und Errichtung, sondern auch im Betrieb. Ber\u00fccksichtigt man die lange Lebensdauer von Geb\u00e4uden, ist mir die Verwendung von open BIM-Standards dabei ein besonderes Anliegen, da sie eine ebenso lange Lebensdauer der Informationen wie des Geb\u00e4udes gew\u00e4hrleistet.<\/p>\n\n\n\n<p>Erfahren sie mehr zu dieser Qualifikation beim Verein <a href=\"https:\/\/www.buildingsmart.de\/weiterbildung\" target=\"_blank\" rel=\"noreferrer noopener\">buildingSMART<\/a> bzw. in der <a href=\"https:\/\/www.vdi.de\/richtlinien\/details\/vdibs-mt-2552-blatt-81-building-information-modeling-qualifications-fundamental-knowledge\" target=\"_blank\" rel=\"noreferrer noopener\">VDI 2552 Blatt 8.1<\/a><\/p>\n<\/div>\n<\/div>\n<\/div>\n\n\n\n<div class=\"wp-block-group is-vertical is-layout-flex wp-container-core-group-is-layout-fe9cc265 wp-block-group-is-layout-flex\">\n<h3 class=\"wp-block-heading\">Mitgliedschaften<\/h3>\n\n\n\n<p>Verein Deutscher Ingenieure<\/p>\n\n\n\n<p>Ingenieurkammer Sachsen <a href=\"https:\/\/ing-sn.de\/ingenieur\/dipl-ing-elisabeth-eckstaedt-dresden\/\">gelistet als Beratende Ingenieurin <\/a><\/p>\n<\/div>\n<\/div>\n","protected":false},"excerpt":{"rendered":"<p>Lebenslauf Mein Name ist Elisabeth Eckst\u00e4dt. Im Jahr 2009 machte ich mein Diplom an der TU Chemnitz im Fach Maschinenbau. Seitdem habe ich verschiedene Stationen in der Ingenieurpraxis und Wissenschaft absolviert und dabei vielf\u00e4ltige Erfahrungen gesammelt, die ich ihnen nun als beratende Ingenieurin anbiete. Von 2009 bis 2014 war ich als wissenschaftliche Mitarbeiterin am Lehrstuhl [&hellip;]<\/p>\n","protected":false},"author":1,"featured_media":0,"parent":0,"menu_order":0,"comment_status":"closed","ping_status":"closed","template":"","meta":{"footnotes":""},"class_list":["post-11","page","type-page","status-publish","hentry"],"yoast_head":"<!-- This site is optimized with the Yoast SEO plugin v27.5 - https:\/\/yoast.com\/product\/yoast-seo-wordpress\/ -->\n<title>\u00dcber mich - Ingenieurb\u00fcro Elisabeth Eckst\u00e4dt<\/title>\n<meta name=\"robots\" content=\"index, follow, max-snippet:-1, max-image-preview:large, max-video-preview:-1\" \/>\n<link rel=\"canonical\" href=\"https:\/\/www.ingbee.net\/?page_id=11\" \/>\n<meta property=\"og:locale\" content=\"de_DE\" \/>\n<meta property=\"og:type\" content=\"article\" \/>\n<meta property=\"og:title\" content=\"\u00dcber mich - Ingenieurb\u00fcro Elisabeth Eckst\u00e4dt\" \/>\n<meta property=\"og:description\" content=\"Lebenslauf Mein Name ist Elisabeth Eckst\u00e4dt. Im Jahr 2009 machte ich mein Diplom an der TU Chemnitz im Fach Maschinenbau. Seitdem habe ich verschiedene Stationen in der Ingenieurpraxis und Wissenschaft absolviert und dabei vielf\u00e4ltige Erfahrungen gesammelt, die ich ihnen nun als beratende Ingenieurin anbiete. Von 2009 bis 2014 war ich als wissenschaftliche Mitarbeiterin am Lehrstuhl [&hellip;]\" \/>\n<meta property=\"og:url\" content=\"https:\/\/www.ingbee.net\/?page_id=11\" \/>\n<meta property=\"og:site_name\" content=\"Ingenieurb\u00fcro Elisabeth Eckst\u00e4dt\" \/>\n<meta property=\"article:modified_time\" content=\"2025-02-04T12:28:10+00:00\" \/>\n<meta property=\"og:image\" content=\"https:\/\/www.ingbee.net\/wp-content\/uploads\/2024\/01\/2664.jpg\" \/>\n\t<meta property=\"og:image:width\" content=\"1000\" \/>\n\t<meta property=\"og:image:height\" content=\"667\" \/>\n\t<meta property=\"og:image:type\" content=\"image\/jpeg\" \/>\n<meta name=\"twitter:card\" content=\"summary_large_image\" \/>\n<meta name=\"twitter:label1\" content=\"Gesch\u00e4tzte Lesezeit\" \/>\n\t<meta name=\"twitter:data1\" content=\"4\u00a0Minuten\" \/>\n<script type=\"application\/ld+json\" class=\"yoast-schema-graph\">{\"@context\":\"https:\\\/\\\/schema.org\",\"@graph\":[{\"@type\":\"WebPage\",\"@id\":\"https:\\\/\\\/www.ingbee.net\\\/?page_id=11\",\"url\":\"https:\\\/\\\/www.ingbee.net\\\/?page_id=11\",\"name\":\"\u00dcber mich - Ingenieurb\u00fcro Elisabeth Eckst\u00e4dt\",\"isPartOf\":{\"@id\":\"https:\\\/\\\/www.ingbee.net\\\/#website\"},\"primaryImageOfPage\":{\"@id\":\"https:\\\/\\\/www.ingbee.net\\\/?page_id=11#primaryimage\"},\"image\":{\"@id\":\"https:\\\/\\\/www.ingbee.net\\\/?page_id=11#primaryimage\"},\"thumbnailUrl\":\"https:\\\/\\\/www.ingbee.net\\\/wp-content\\\/uploads\\\/2024\\\/01\\\/2664.jpg\",\"datePublished\":\"2023-12-30T12:06:41+00:00\",\"dateModified\":\"2025-02-04T12:28:10+00:00\",\"breadcrumb\":{\"@id\":\"https:\\\/\\\/www.ingbee.net\\\/?page_id=11#breadcrumb\"},\"inLanguage\":\"de\",\"potentialAction\":[{\"@type\":\"ReadAction\",\"target\":[\"https:\\\/\\\/www.ingbee.net\\\/?page_id=11\"]}]},{\"@type\":\"ImageObject\",\"inLanguage\":\"de\",\"@id\":\"https:\\\/\\\/www.ingbee.net\\\/?page_id=11#primaryimage\",\"url\":\"https:\\\/\\\/www.ingbee.net\\\/wp-content\\\/uploads\\\/2024\\\/01\\\/2664.jpg\",\"contentUrl\":\"https:\\\/\\\/www.ingbee.net\\\/wp-content\\\/uploads\\\/2024\\\/01\\\/2664.jpg\",\"width\":1000,\"height\":667},{\"@type\":\"BreadcrumbList\",\"@id\":\"https:\\\/\\\/www.ingbee.net\\\/?page_id=11#breadcrumb\",\"itemListElement\":[{\"@type\":\"ListItem\",\"position\":1,\"name\":\"Startseite\",\"item\":\"https:\\\/\\\/www.ingbee.net\\\/\"},{\"@type\":\"ListItem\",\"position\":2,\"name\":\"\u00dcber mich\"}]},{\"@type\":\"WebSite\",\"@id\":\"https:\\\/\\\/www.ingbee.net\\\/#website\",\"url\":\"https:\\\/\\\/www.ingbee.net\\\/\",\"name\":\"Ingenieurb\u00fcro Elisabeth Eckst\u00e4dt\",\"description\":\"Energieberatung Fachplanung\",\"publisher\":{\"@id\":\"https:\\\/\\\/www.ingbee.net\\\/#organization\"},\"potentialAction\":[{\"@type\":\"SearchAction\",\"target\":{\"@type\":\"EntryPoint\",\"urlTemplate\":\"https:\\\/\\\/www.ingbee.net\\\/?s={search_term_string}\"},\"query-input\":{\"@type\":\"PropertyValueSpecification\",\"valueRequired\":true,\"valueName\":\"search_term_string\"}}],\"inLanguage\":\"de\"},{\"@type\":\"Organization\",\"@id\":\"https:\\\/\\\/www.ingbee.net\\\/#organization\",\"name\":\"Ingenieurb\u00fcro Elisabeth Eckst\u00e4dt\",\"url\":\"https:\\\/\\\/www.ingbee.net\\\/\",\"logo\":{\"@type\":\"ImageObject\",\"inLanguage\":\"de\",\"@id\":\"https:\\\/\\\/www.ingbee.net\\\/#\\\/schema\\\/logo\\\/image\\\/\",\"url\":\"\",\"contentUrl\":\"\",\"caption\":\"Ingenieurb\u00fcro Elisabeth Eckst\u00e4dt\"},\"image\":{\"@id\":\"https:\\\/\\\/www.ingbee.net\\\/#\\\/schema\\\/logo\\\/image\\\/\"}}]}<\/script>\n<!-- \/ Yoast SEO plugin. -->","yoast_head_json":{"title":"\u00dcber mich - Ingenieurb\u00fcro Elisabeth Eckst\u00e4dt","robots":{"index":"index","follow":"follow","max-snippet":"max-snippet:-1","max-image-preview":"max-image-preview:large","max-video-preview":"max-video-preview:-1"},"canonical":"https:\/\/www.ingbee.net\/?page_id=11","og_locale":"de_DE","og_type":"article","og_title":"\u00dcber mich - Ingenieurb\u00fcro Elisabeth Eckst\u00e4dt","og_description":"Lebenslauf Mein Name ist Elisabeth Eckst\u00e4dt. Im Jahr 2009 machte ich mein Diplom an der TU Chemnitz im Fach Maschinenbau. Seitdem habe ich verschiedene Stationen in der Ingenieurpraxis und Wissenschaft absolviert und dabei vielf\u00e4ltige Erfahrungen gesammelt, die ich ihnen nun als beratende Ingenieurin anbiete. Von 2009 bis 2014 war ich als wissenschaftliche Mitarbeiterin am Lehrstuhl [&hellip;]","og_url":"https:\/\/www.ingbee.net\/?page_id=11","og_site_name":"Ingenieurb\u00fcro Elisabeth Eckst\u00e4dt","article_modified_time":"2025-02-04T12:28:10+00:00","og_image":[{"width":1000,"height":667,"url":"https:\/\/www.ingbee.net\/wp-content\/uploads\/2024\/01\/2664.jpg","type":"image\/jpeg"}],"twitter_card":"summary_large_image","twitter_misc":{"Gesch\u00e4tzte Lesezeit":"4\u00a0Minuten"},"schema":{"@context":"https:\/\/schema.org","@graph":[{"@type":"WebPage","@id":"https:\/\/www.ingbee.net\/?page_id=11","url":"https:\/\/www.ingbee.net\/?page_id=11","name":"\u00dcber mich - Ingenieurb\u00fcro Elisabeth Eckst\u00e4dt","isPartOf":{"@id":"https:\/\/www.ingbee.net\/#website"},"primaryImageOfPage":{"@id":"https:\/\/www.ingbee.net\/?page_id=11#primaryimage"},"image":{"@id":"https:\/\/www.ingbee.net\/?page_id=11#primaryimage"},"thumbnailUrl":"https:\/\/www.ingbee.net\/wp-content\/uploads\/2024\/01\/2664.jpg","datePublished":"2023-12-30T12:06:41+00:00","dateModified":"2025-02-04T12:28:10+00:00","breadcrumb":{"@id":"https:\/\/www.ingbee.net\/?page_id=11#breadcrumb"},"inLanguage":"de","potentialAction":[{"@type":"ReadAction","target":["https:\/\/www.ingbee.net\/?page_id=11"]}]},{"@type":"ImageObject","inLanguage":"de","@id":"https:\/\/www.ingbee.net\/?page_id=11#primaryimage","url":"https:\/\/www.ingbee.net\/wp-content\/uploads\/2024\/01\/2664.jpg","contentUrl":"https:\/\/www.ingbee.net\/wp-content\/uploads\/2024\/01\/2664.jpg","width":1000,"height":667},{"@type":"BreadcrumbList","@id":"https:\/\/www.ingbee.net\/?page_id=11#breadcrumb","itemListElement":[{"@type":"ListItem","position":1,"name":"Startseite","item":"https:\/\/www.ingbee.net\/"},{"@type":"ListItem","position":2,"name":"\u00dcber mich"}]},{"@type":"WebSite","@id":"https:\/\/www.ingbee.net\/#website","url":"https:\/\/www.ingbee.net\/","name":"Ingenieurb\u00fcro Elisabeth Eckst\u00e4dt","description":"Energieberatung Fachplanung","publisher":{"@id":"https:\/\/www.ingbee.net\/#organization"},"potentialAction":[{"@type":"SearchAction","target":{"@type":"EntryPoint","urlTemplate":"https:\/\/www.ingbee.net\/?s={search_term_string}"},"query-input":{"@type":"PropertyValueSpecification","valueRequired":true,"valueName":"search_term_string"}}],"inLanguage":"de"},{"@type":"Organization","@id":"https:\/\/www.ingbee.net\/#organization","name":"Ingenieurb\u00fcro Elisabeth Eckst\u00e4dt","url":"https:\/\/www.ingbee.net\/","logo":{"@type":"ImageObject","inLanguage":"de","@id":"https:\/\/www.ingbee.net\/#\/schema\/logo\/image\/","url":"","contentUrl":"","caption":"Ingenieurb\u00fcro Elisabeth Eckst\u00e4dt"},"image":{"@id":"https:\/\/www.ingbee.net\/#\/schema\/logo\/image\/"}}]}},"_links":{"self":[{"href":"https:\/\/www.ingbee.net\/index.php?rest_route=\/wp\/v2\/pages\/11","targetHints":{"allow":["GET"]}}],"collection":[{"href":"https:\/\/www.ingbee.net\/index.php?rest_route=\/wp\/v2\/pages"}],"about":[{"href":"https:\/\/www.ingbee.net\/index.php?rest_route=\/wp\/v2\/types\/page"}],"author":[{"embeddable":true,"href":"https:\/\/www.ingbee.net\/index.php?rest_route=\/wp\/v2\/users\/1"}],"replies":[{"embeddable":true,"href":"https:\/\/www.ingbee.net\/index.php?rest_route=%2Fwp%2Fv2%2Fcomments&post=11"}],"version-history":[{"count":17,"href":"https:\/\/www.ingbee.net\/index.php?rest_route=\/wp\/v2\/pages\/11\/revisions"}],"predecessor-version":[{"id":221,"href":"https:\/\/www.ingbee.net\/index.php?rest_route=\/wp\/v2\/pages\/11\/revisions\/221"}],"wp:attachment":[{"href":"https:\/\/www.ingbee.net\/index.php?rest_route=%2Fwp%2Fv2%2Fmedia&parent=11"}],"curies":[{"name":"wp","href":"https:\/\/api.w.org\/{rel}","templated":true}]}}